(-8) + 279/4 + c. Calculate the greatest common factor of m and 17.
17
Let p be (192/20 - 12)/((-3)/70). Let o(s) = s**3 + 5*s**2 + s + 7. Let g be o(-5). Let l be (-30 + g)*(-1)/2. Calculate the highest common factor of l and p.
14
Let q = -8162 - -8228. Let w = 0 - -18. What is the highest common divisor of w and q?
6
Let c = 27 + -24. Suppose 3*b = 7*f - 5*f + 132, -c = -f. What is the highest common divisor of 184 and b?
46
Let x be (1 - 22/26) + (4442040/156)/9. Calculate the greatest common divisor of x and 8.
4
Let t(v) = -1151*v + 1068. Let a be t(-7). Calculate the highest common factor of 75 and a.
25
Let g(j) = 73*j - 709. Let c be g(10). Suppose -2 + 14 = 2*w. What is the highest common factor of c and w?
3
Let o = 2 - -2. Suppose o*u = -u + 375. Let v be ((10/(-14))/(46/(-138)))/(30/350). What is the greatest common divisor of u and v?
25
Suppose 42 = 197*k - 198*k. Let u be k*5*(-4)/30. Let q(y) = 4*y + 2. Let b be q(3). What is the highest common divisor of u and b?
14
Let s(c) = 4*c**3 + 12*c**2 - 48*c - 1. Let h be s(5). What is the greatest common factor of h and 215?
43
Let m(v) = 4*v - 3262 + 3231 - 20*v. Let q be m(-5). Let r be 111/15 - (-6)/(-15). What is the greatest common divisor of q and r?
7
Let z = 169 + -159. Let k = 19 - z. Calculate the greatest common factor of 45 and k.
9
Let t be 50/(-225) + -10*694*(-1)/45. What is the greatest common factor of t and 253?
11
Let r = -95 + 151. Suppose -2*m + 80 = -r. What is the greatest common factor of 4 and m?
4
Suppose -888 = 55*g + 81*g - 160*g. Calculate the highest common divisor of 7807 and g.
37
Let f be (-22)/(-6) + -3 + (-962)/39*-455. What is the greatest common divisor of f and 46?
46
Let a(f) = 31*f**2 + 3*f - 5. Let c be a(1). Let s = -921 + 641. Let z = s + 425. Calculate the greatest common divisor of c and z.
29
Let b(d) = 224*d + 1147. Let c be b(-5). Calculate the greatest common divisor of c and 21.
3
Let i(p) = -14*p - 78. Let c be i(16). Let k = -228 - c. Calculate the greatest common divisor of 4 and k.
2
Let y be ((-2254)/(-42))/(((-30)/(-5))/18). Calculate the highest common divisor of y and 14.
7
Let o be (7 + -3)*1 + (3 - -71). Suppose -36 = -3*c + o. What is the greatest common divisor of 342 and c?
38
Suppose 5*y + 21 = 12*y. Suppose -5*c - r = -5, -c - r - 2 = -y. Let b = 23 - c. What is the highest common factor of 33 and b?
11
Let s(a) be the third derivative of -13*a**6/6 + a**4/12 + a**3/6 + 151*a**2. Let t be s(-1). What is the highest common factor of 7 and t?
7
Suppose 3*f = 2*t + 8*f - 531, t - 5*f = 228. Let q = 264 - t. Calculate the greatest common factor of q and 209.
11
Let q be 29/116 + (-17878)/(-104) - (-26)/(-169). Calculate the greatest common divisor of q and 7783.
43
Let g = 380 - 226. Let n be 12/(-2) + (-20)/(100/2445). Let s = n - -517. Calculate the highest common divisor of g and s.
22
Let w(a) = a**2 - 14*a - 28. Let m(y) = y**3 + 10*y**2 + 9*y - 13. Let c be m(-9). Let h be w(c). Calculate the greatest common factor of 19 and h.
19
Let q(i) = 19*i - 6*i - 2 - 113*i**2 + 57*i**2 + 91*i**2. Let b be q(3). What is the greatest common divisor of 16 and b?
16
Let b be (-143523)/(-12) + ((-10)/8 - -1). What is the greatest common factor of 65 and b?
65
Suppose 4*r - 7*r + 1800 = 0. Suppose r = -0*a + 20*a. Calculate the greatest common divisor of 30 and a.
30
Suppose -2*s - 426*p + 431*p + 265 = 0, 215 = 2*s + 5*p. Let i(x) = -3 + 3*x + 3 + 6. Let j be i(6). Calculate the greatest common divisor of j and s.
24
Let f = -20737 + 46344. What is the highest common divisor of 29 and f?
29
Let z(s) = -252*s + 1958. Let q be z(7). Calculate the highest common factor of 20758 and q.
194
Suppose -51*p - 561 = 44*p - 112*p. What is the greatest common factor of 19635 and p?
33
Let j = -115 - -119. Let x be (-13)/j*(0 + -2)*12. Let a = -44 + x. What is the greatest common divisor of a and 238?
34
Suppose 0 = 9*n - 28 - 53. Let i be 28/21*n*3. What is the highest common factor of i and 252?
36
Let m be (-1)/(10/(-4)) + (-110)/25. Let i be -4 + m/((-16)/28). Suppose 4 = i*a - 26. Calculate the highest common factor of a and 70.
10
Suppose -3*b - 315 = -w, 41*w - 44*w + 880 = 4*b. What is the highest common factor of 288 and w?
12
Suppose 24*o + 168 - 948 = 12. Suppose -4*t = -35 - 9. Calculate the highest common divisor of t and o.
11
Suppose -3*t - 3*g + 8871 = 0, 185*t = 186*t + 2*g - 2950. Calculate the greatest common divisor of 228 and t.
228
Let d(b) = -48*b - 222. Let f be d(-11). What is the highest common divisor of 102 and f?
102
Let g be (14*5/20)/((-1)/(-46)). Let l(r) = -r + r**3 - 10*r**2 - 3 + 0 - 2*r**3. Let p be l(-10). Calculate the greatest common factor of p and g.
7
Let a = 1020 - 992. What is the highest common factor of 1588 and a?
4
Suppose 12 = -2*q + 4, 0 = 5*j + 4*q - 39. Let w be (-2)/j - 1161/(-33). Let f be (-104)/13 + -2 + 45. What is the greatest common divisor of w and f?
35
Suppose 3*u - 389 = h + 179, -u + 186 = 3*h. Let s be (-1 - 5)*u/(-126). What is the greatest common divisor of s and 18?
9
Let h be (-784)/6*45*27/(-180). Calculate the highest common divisor of 98 and h.
98
Let i(v) = -v**3 + 8*v**2 - 4*v - 9. Let y be i(7). Suppose -14*g = -y*g - 6. Calculate the highest common divisor of g and 9.
3
Let z be (-6)/2 + -17 - (-12)/4. Let a = z - -21. Suppose 0 = -a*p + 14 + 34. What is the highest common divisor of p and 6?
6
Let a(i) be the first derivative of -26*i**2 + 144*i + 144. Let u be a(-12). Calculate the greatest common divisor of 12 and u.
12
Suppose 4*b = -13*r + 10*r - 258, -322 = 5*b + 4*r. Let h = b - -108. What is the greatest common factor of 231 and h?
21
Suppose -5*d = 4*d - 126. Suppose -5*g - 4*k = -d, 4*g - 15 = -k - 6. Let o = 2 - 0. Calculate the highest common divisor of o and g.
2
Let p = 8 + 3. Let z(l) = -2*l - 1. Let c be z(-3). Suppose 0 = 3*u - 4*a - 301, 395 = c*u - u + a. Calculate the highest common divisor of p and u.
11
Suppose 27240 = 15*d - 36060. Calculate the greatest common factor of 160 and d.
20
Let a(r) = -2*r**3 + 21*r**2 - 11*r + 15. Let n be a(10). Suppose -w + 3*s = s - 145, n*w = -2*s + 665. Calculate the highest common factor of 90 and w.
45
Suppose 4*n - 50 = z, -4*n = -3*n + 5*z - 2. Suppose 5*d + 3 = 4*d, -d = 4*y - 77. Let x be 5/20*y - -1 - 2. Calculate the highest common factor of x and n.
4
Suppose 12*n + 2*n - 28 = 0. Suppose 0 = 4*o - 3 - 9, 0 = -n*c - 2*o + 12. Calculate the greatest common divisor of 33 and c.
3
Let x(b) = -b**2 - 9*b - 15. Let r be x(-8). Let h(p) = -11*p - 7. Let a be h(r). Let t be (0 - -1) + (35 - 1). Calculate the highest common factor of t and a.
35
Let i = 108 - 103. Suppose i*t - 4*t - 37 = 2*g, 5*g - 20 = 0. Suppose 1 + 17 = y. What is the greatest common divisor of t and y?
9
Suppose 0 = -113*x + 108*x + 170. Suppose 5*h = -2*v + x, 0*v + 5*h = -v + 22. What is the greatest common factor of 276 and v?
12
Suppose 5*g - 339 = 221. Suppose 4*y = -2*n + 58, 5*n + 0*y = y + 101. Suppose n = 3*h - 27. Calculate the greatest common factor of g and h.
16
Let j(u) = -6*u**3 + 5*u**2 + 2*u - 1. Let x be j(-3). Suppose i = 0, -3*c = 4*i + i - 492. Let r = c + -84. What is the greatest common divisor of x and r?
40
Suppose 29*q - 177268 = q. Suppose -1235 + q = 52*o. Calculate the highest common divisor of 7 and o.
7
Let m(p) = -2*p - 2. Let c be m(-6). Let f = 1034 - 170. Suppose 0 = -4*u + c*u - f. What is the highest common divisor of 18 and u?
18
Let a be -1*(-27 - 2) - 1. Suppose -2149 = 6*s + 203. Let f be (s/(-84))/(1/3). What is the greatest common divisor of a and f?
14
Let c(m) = -m + 56. Let x be c(-40). What is the greatest common factor of x and 6432?
96
Let h(n) = 12*n - 12. Let d be h(3). Let t = -3159 - -3255. What is the highest common divisor of t and d?
24
Suppose -1838*f + 1837*f = 5*q - 1446, -5*q + 4*f + 1466 = 0. Calculate the greatest common divisor of 1682 and q.
58
Let u(j) = j - 5. Suppose 17*f - 12 = 209. Let w be u(f). What is the greatest common factor of 28 and w?
4
Let n = -26709 + 29998. What is the highest common factor of 429 and n?
143
Suppose 241*n - 70*n = 12121 + 20369. Let u be (58/(-2) + -1)*-1. Calculate the highest common divisor of u and n.
10
Let v = 91 - -9014. What is the 